3975?
True
Does 53 divide 3307816?
False
Is 50 a factor of 93872?
False
Does 220 divide 52360?
True
Is 118 a factor of 881711?
False
Does 19 divide 4696097?
True
Is 48 a factor of 8166864?
True
Is 264 a factor of 19016910?
False
Is 4926042 a multiple of 107?
False
Does 354 divide 26627526?
True
Is 45 a factor of 568350?
True
Is 136 a factor of 630591?
False
Is 4 a factor of 5669?
False
Is 158879 a multiple of 315?
False
Is 20972972 a multiple of 11?
False
Is 92049 a multiple of 61?
True
Is 9 a factor of 7650?
True
Is 48777 a multiple of 73?
False
Is 5355343 a multiple of 81?
False
Is 821520 a multiple of 141?
False
Does 385 divide 6290384?
False
Is 127120 a multiple of 454?
True
Is 46810 a multiple of 31?
True
Is 49 a factor of 51107?
True
Does 33 divide 3028757?
False
Does 4 divide 2087604?
True
Does 1013 divide 7938063?
False
Is 3185700 a multiple of 75?
True
Is 13008 a multiple of 6?
True
Does 107 divide 2086286?
True
Is 344333 a multiple of 253?
True
Is 10 a factor of 205660?
True
Is 10 a factor of 4072645?
False
Is 6548474 a multiple of 8?
False
Is 7550 a multiple of 302?
True
Is 74 a factor of 1154245?
False
Is 885470 a multiple of 116?
False
Is 2 a factor of 9312?
True
Does 472 divide 5554060?
False
Is 156 a factor of 2185716?
True
Is 102 a factor of 2490738?
True
Is 92127 a multiple of 67?
False
Is 52 a factor of 633491?
False
Is 206 a factor of 275834?
True
Does 689 divide 546377?
True
Is 113 a factor of 21583?
True
Is 22 a factor of 999505?
False
Is 2981680 a multiple of 130?
True
Does 43 divide 148326?
False
Is 76852 a multiple of 67?
False
Does 137 divide 712263?
True
Does 4 divide 62780?
True
Is 452 a factor of 686404?
False
Does 19 divide 20197?
True
Is 3245 a multiple of 14?
False
Does 11 divide 265255?
False
Is 110 a factor of 9828830?
True
Is 184 a factor of 705088?
True
Is 14 a factor of 13468?
True
Is 42 a factor of 84168?
True
Does 7 divide 244769?
True
Is 21 a factor of 1558452?
True
Is 633 a factor of 763398?
True
Is 285128 a multiple of 46?
False
Is 91 a factor of 1241513?
True
Is 684112 a multiple of 143?
True
Is 136 a factor of 6528?
True
Does 200 divide 8473000?
True
Does 18 divide 157015?
False
Is 2313852 a multiple of 327?
True
Is 10432155 a multiple of 17?
False
Is 10 a factor of 32178?
False
Does 140 divide 72940?
True
Is 106 a factor of 166950?
True
Does 112 divide 262396?
False
Is 45 a factor of 56745?
True
Does 132 divide 7631712?
True
Is 29 a factor of 55559?
False
Is 13 a factor of 3592080?
False
Is 26 a factor of 3445000?
True
Is 11 a factor of 12963889?
False
Is 1242522 a multiple of 805?
False
Is 112105 a multiple of 7?
True
Is 9170 a multiple of 14?
True
Does 299 divide 171649?
False
Does 55 divide 69575?
True
Is 221 a factor of 52009?
False
Is 105 a factor of 7300965?
True
Does 455 divide 482300?
True
Is 19 a factor of 212946?
False
Does 21 divide 483294?
True
Is 92 a factor of 841800?
True
Is 267946 a multiple of 75?
False
Does 63 divide 1634598?
True
Does 269 divide 886086?
True
Is 42085 a multiple of 19?
True
Is 1168 a factor of 3937328?
True
Does 3 divide 153877?
False
Does 19 divide 57599?
False
Is 18 a factor of 64473?
False
Is 80 a factor of 73321?
False
Is 10 a factor of 172655?
False
Does 9 divide 14124384?
True
Is 18 a factor of 2494890?
True
Is 21 a factor of 1496853?
False
Is 3742771 a multiple of 17?
True
Is 20 a factor of 421160?
True
Is 202753 a multiple of 28?
False
Does 360 divide 6312960?
True
Is 9 a factor of 52586?
False
Is 15 a factor of 41823?
False
Does 38 divide 87400?
True
Does 77 divide 29862?
False
Is 31 a factor of 75237?
True
Is 250 a factor of 2393500?
True
Does 93 divide 54312?
True
Is 19 a factor of 1180394?
True
Does 48 divide 211008?
True
Does 64 divide 3144896?
True
Does 34 divide 211990?
True
Does 18 divide 95735?
False
Is 11 a factor of 947799?
False
Is 104220 a multiple of 45?
True
Is 873 a factor of 93411?
True
Is 72500 a multiple of 145?
True
Is 2077380 a multiple of 15?
True
Is 13 a factor of 5747880?
False
Is 186806 a multiple of 167?
False
Is 506583 a multiple of 63?
True
Is 1254040 a multiple of 535?
True
Is 10 a factor of 282120?
True
Does 24 divide 921624?
True
Is 8 a factor of 6865?
False
Does 934 divide 3041467?
False
Does 503 divide 533683?
True
Is 15 a factor of 11340?
True
Is 34 a factor of 6826298?
False
Does 11 divide 4222703?
False
Does 17 divide 5793753?
True
Is 7 a factor of 817931?
False
Does 1021 divide 869123?
False
Is 76 a factor of 949446?
False
Is 40 a factor of 23504120?
True
Is 592 a factor of 533221?
False
Is 7 a factor of 116216?
False
Is 2502125 a multiple of 25?
True
Is 18 a factor of 760806?
True
Does 157 divide 11355281?
False
Does 36 divide 560592?
True
Is 427 a factor of 7486164?
True
Does 64 divide 16776?
False
Is 64 a factor of 2615872?
True
Is 40 a factor of 71410?
False
Does 53 divide 6568290?
True
Does 1218 divide 8728188?
True
Does 9 divide 474165?
True
Is 13 a factor of 4108?
True
Does 13 divide 411862?
False
Is 31 a factor of 1441221?
True
Does 23 divide 851178?
False
Is 413347 a multiple of 11?
True
Is 11370688 a multiple of 136?
True
Is 1630134 a multiple of 229?
False
Does 310 divide 12093410?
True
Is 265 a factor of 167561?
False
Is 130782 a multiple of 14?
False
Is 190805 a multiple of 19?
False
Does 7 divide 35?
True
Does 50 divide 365150?
True
Is 26 a factor of 513857?
False
Is 918921 a multiple of 19?
False
Is 7587246 a multiple of 627?
False
Is 481 a factor of 489658?
True
Does 357 divide 393771?
True
Is 70757 a multiple of 10?
False
Is 250834 a multiple of 47?
False
Is 62 a factor of 738354?
False
Is 72485 a multiple of 2?
False
Is 262438 a multiple of 869?
True
Is 1090 a multiple of 109?
True
Is 117 a factor of 2490111?
True
Is 46112 a multiple of 345?
False
Does 20 divide 96817?
False
Is 15 a factor of 1899232?
False
Does 48 divide 123710?
False
Is 1228649 a multiple of 113?
True
Is 32 a factor of 70464?
True
Does 181 divide 150230?
True
Does 205 divide 1398403?
False
Is 267868 a multiple of 30?
False
Is 38640 a multiple of 345?
True
Does 206 divide 31763?
False
Is 59 a factor of 324736?
True
Is 3 a factor of 224418?
True
Is 123 a factor of 1215476?
False
Is 1240 a factor of 2177440?
True
Does 20 divide 155503?
False
Is 3 a factor of 27829?
False
Does 42 divide 12760608?
True
Is 329 a factor of 3410743?
True
Is 407 a factor of 1224663?
True
Is 427 a factor of 136382?
False
Is 58 a factor of 828548?
False
Is 199957 a multiple of 48?
False
Is 72 a factor of 773640?
True
Is 307054 a multiple of 2?
True
Is 17530401 a multiple of 137?
False
Is 67881 a multiple of 11?
True
Is 87487 a multiple of 119?
False
Is 18 a factor of 1953493?
False
Is 12 a factor of 96710?
False
Does 30 divide 8701?
False
Does 262 divide 2434724?
False
Does 205 divide 29706479?
False
Is 511 a factor of 179872?
True
Is 2 a factor of 51086?
True
Does 312 divide 2366?
False
Does 6 divide 31686?
True
Does 57 divide 286026?
True
Is 41 a factor of 1795673?
False
Does 59 divide 680991?
False
Does 11 divide 1894199?
False
Is 21 a factor of 13797?
True
Does 9 divide 18240?
False
Is 155 a factor of 18910?
True
Is 131 a factor of 22489793?
False
Does 17 divide 18478?
False
Is 22 a factor of 7610293?
False
Is 486675 a multiple of 315?
True
Does 10 divide 176237?
False
Is 995733 a multiple of 316?
False
Is 172636 a multiple of 36?
False
Does 331 divide 5255127?
False
Is 445 a factor of 3686825?
True
Is 40492 a multiple of 7?
False
Does 13 divide 3882304?
False
Is 123142 a multiple of 46?
True
Is 3 a factor of 113055?
True
Is 2890671 a multiple of 25?
False
Is 71 a factor of 3738718?
True
Is 21 a factor of 11695904?
False
Is 477128 a multiple of 21?
False
Is 312 a factor of 1010256?
True
Is 4215537 a multiple of 214?
False
Is 213378 a multiple of 53?
True
Is 359632 a multiple of 236?
False
Does 8 divide 1983918?
False
Does 11 divide 48498?
False
Is 278247 a multiple of 114?
False
Does 19 divide 214634?
False
Is 200259 a multiple of 42?
False
Is 108247 a multiple of 33?
False
Is 477604 a multiple of 556?
True
Is 190127 a multiple of 157?
True
Is 208 a factor of 2681969?
False
Does 2458 divide 39138734?
True
Does 327 divide 449000?
False
Is 5 a factor of 553960?
True
Is 18 a factor of 5918094?
True
Is 99547 a multiple of 7?
True
Does 27 divide 10669104?
Tru